{"id":34,"date":"2013-08-01T16:47:31","date_gmt":"2013-08-01T14:47:31","guid":{"rendered":"http:\/\/astrofili-vittorioveneto.it\/?page_id=34"},"modified":"2013-11-10T19:41:36","modified_gmt":"2013-11-10T18:41:36","slug":"immagini","status":"publish","type":"page","link":"https:\/\/www.astrofili-vittorioveneto.it\/index.php\/immagini\/","title":{"rendered":"Immagini"},"content":{"rendered":"<p>Tutte le immagini riportate sono state riprese dai soci, la riproduzione \u00e8 consentita purch\u00e8 ne venga riportata la fonte.<\/p>\n<p>La fotografia su <a href=\"http:\/\/it.wikipedia.org\/wiki\/Pellicola_fotografica\" target=\"_blank\">pellicola<\/a> \u00e8 stata di gran lunga una delle tecniche di ripresa degli oggetti astronomici pi\u00f9 utilzzata da parte degli astrofili e anche nel nostro osservatorio \u00e8 un\u2019attivit\u00e0 che \u00e8 stata portata avanti assiduamente fin dal 1986.<\/p>\n<p>Il vantaggio indubbio della fotografia astronomica sta nella resa esteticamente molto valida dei cromatismi dei vari oggetti stellari e nella possibilit\u00e0 di essere applicabile a tipologie di oggetti molto deboli e diffusi, come le nebulose.<\/p>\n<p>Tuttavia, i <a href=\"http:\/\/it.wikipedia.org\/wiki\/Charge_Coupled_Device#CCD_in_astronomia\" target=\"_blank\">CCD<\/a> (dispositivi a carica accoppiata) rappresentano ora il pi\u00f9 potente strumento di indagine astronomica nelle mani degli astrofili e, date le loro incredibili qualit\u00e0 di efficienza e linearit\u00e0 nella risposta in quasi tutta la banda visibile, sono intensamente utilizzati in ambito scientifico. Il formato digitale delle immagini ottenute in questo modo rende inoltre necessario e naturale il trattamento delle stesse attraverso diverse procedure di elaborazione via software, rendendo possibile una molteplicit\u00e0 di approcci nell\u2019estrazione dell\u2019informazione originaria.<\/p>\n<p>Tutte le immagini del sito sono distribuite con Licenza <a href=\"http:\/\/creativecommons.org\/licenses\/by-sa\/3.0\/it\/\" rel=\"license\">Creative Commons Attribuzione &#8211; Condividi allo stesso modo 3.0 Italia<\/a>.<br \/>\n<span style=\"font-size: small;\">(se non diversamente specificato)<\/span><br \/>\n<a href=\"http:\/\/creativecommons.org\/licenses\/by-sa\/3.0\/it\/\" rel=\"license\"><img data-recalc-dims=\"1\" decoding=\"async\" style=\"border-width: 0;\" alt=\"Licenza Creative Commons\" src=\"https:\/\/i0.wp.com\/i.creativecommons.org\/l\/by-sa\/3.0\/it\/88x31.png?w=660\" \/><\/a><\/p>\n","protected":false},"excerpt":{"rendered":"<p>Tutte le immagini riportate sono state riprese dai soci, la riproduzione \u00e8 consentita purch\u00e8 ne venga riportata la fonte. La fotografia su pellicola \u00e8 stata di gran lunga una delle tecniche di ripresa degli oggetti astronomici pi\u00f9 utilzzata da parte degli astrofili e anche nel nostro osservatorio \u00e8 un\u2019attivit\u00e0 che &#8230;<\/p>\n","protected":false},"author":3,"featured_media":0,"parent":0,"menu_order":2,"comment_status":"closed","ping_status":"closed","template":"","meta":{"footnotes":""},"class_list":["post-34","page","type-page","status-publish","hentry","column","threecol"],"jetpack_sharing_enabled":true,"_links":{"self":[{"href":"https:\/\/www.astrofili-vittorioveneto.it\/index.php\/wp-json\/wp\/v2\/pages\/34","targetHints":{"allow":["GET"]}}],"collection":[{"href":"https:\/\/www.astrofili-vittorioveneto.it\/index.php\/wp-json\/wp\/v2\/pages"}],"about":[{"href":"https:\/\/www.astrofili-vittorioveneto.it\/index.php\/wp-json\/wp\/v2\/types\/page"}],"author":[{"embeddable":true,"href":"https:\/\/www.astrofili-vittorioveneto.it\/index.php\/wp-json\/wp\/v2\/users\/3"}],"replies":[{"embeddable":true,"href":"https:\/\/www.astrofili-vittorioveneto.it\/index.php\/wp-json\/wp\/v2\/comments?post=34"}],"version-history":[{"count":20,"href":"https:\/\/www.astrofili-vittorioveneto.it\/index.php\/wp-json\/wp\/v2\/pages\/34\/revisions"}],"predecessor-version":[{"id":1290,"href":"https:\/\/www.astrofili-vittorioveneto.it\/index.php\/wp-json\/wp\/v2\/pages\/34\/revisions\/1290"}],"wp:attachment":[{"href":"https:\/\/www.astrofili-vittorioveneto.it\/index.php\/wp-json\/wp\/v2\/media?parent=34"}],"curies":[{"name":"wp","href":"https:\/\/api.w.org\/{rel}","templated":true}]}}